{"id":24,"date":"2024-02-19T05:42:22","date_gmt":"2024-02-19T05:42:22","guid":{"rendered":"https:\/\/replica.dovatravel.com\/?page_id=24"},"modified":"2024-03-02T22:21:56","modified_gmt":"2024-03-02T22:21:56","slug":"contacto","status":"publish","type":"page","link":"https:\/\/replica.dovatravel.com\/index.php\/contacto\/","title":{"rendered":"\u00a1Cont\u00e1ctanos!"},"content":{"rendered":"\n<div class=\"wp-block-group alignwide has-global-padding is-layout-constrained wp-block-group-is-layout-constrained\" style=\"margin-top:0px;margin-bottom:0px;padding-top:0;padding-right:0;padding-bottom:0;padding-left:0\">\n<div class=\"wp-block-group alignfull has-primary-blue-gradient-background has-background has-global-padding is-layout-constrained wp-block-group-is-layout-constrained\" style=\"margin-top:0px;margin-bottom:0px;padding-top:0;padding-right:15px;padding-bottom:0;padding-left:15px\">\n<div style=\"height:12px\" aria-hidden=\"true\" class=\"wp-block-spacer\"><\/div>\n\n\n\n<style>\n    \/* Estilos personalizados para el formulario de contacto *\/\n    .formulario-contacto {\n        background-color: #f9f9f9;\n        padding: 20px;\n        border-radius: 10px;\n        box-shadow: 0 0 10px rgba(0, 0, 0, 0.1);\n        color: #333; \/* Color de texto para el formulario de contacto *\/\n    }\n\n    .formulario-contacto input[type=\"text\"],\n    .formulario-contacto input[type=\"email\"],\n    .formulario-contacto textarea {\n        width: 100%;\n        padding: 10px;\n        margin-bottom: 15px;\n        border: 1px solid #ccc;\n        border-radius: 5px;\n        box-sizing: border-box;\n    }\n\n    .formulario-contacto input[type=\"submit\"] {\n        background-color: #007bff;\n        color: #fff;\n        padding: 10px 20px;\n        border: none;\n        border-radius: 5px;\n        cursor: pointer;\n    }\n\n    .formulario-contacto input[type=\"submit\"]:hover {\n        background-color: #0056b3;\n    }\n\n    .informacion-contacto {\n        margin-top: 20px;\n        font-size: 14px;\n        color: white; \/* Color de texto para la informaci\u00f3n de contacto *\/\n    }\n<\/style>\n\n<div class=\"formulario-contacto\">\n    <p>Utiliza este formulario para ponerte en contacto con nosotros.<\/p>\n    \n<div class=\"wpcf7 no-js\" id=\"wpcf7-f71-o1\" lang=\"en-US\" dir=\"ltr\">\n<div class=\"screen-reader-response\"><p role=\"status\" aria-live=\"polite\" aria-atomic=\"true\"><\/p> <ul><\/ul><\/div>\n<form action=\"\/index.php\/wp-json\/wp\/v2\/pages\/24#wpcf7-f71-o1\" method=\"post\" class=\"wpcf7-form init\" aria-label=\"Contact form\" novalidate=\"novalidate\" data-status=\"init\">\n<div style=\"display: none;\">\n<input type=\"hidden\" name=\"_wpcf7\" value=\"71\" \/>\n<input type=\"hidden\" name=\"_wpcf7_version\" value=\"5.8.7\" \/>\n<input type=\"hidden\" name=\"_wpcf7_locale\" value=\"en_US\" \/>\n<input type=\"hidden\" name=\"_wpcf7_unit_tag\" value=\"wpcf7-f71-o1\" \/>\n<input type=\"hidden\" name=\"_wpcf7_container_post\" value=\"0\" \/>\n<input type=\"hidden\" name=\"_wpcf7_posted_data_hash\" value=\"\" \/>\n<\/div>\n<p><label> Nombre<br \/>\n<span class=\"wpcf7-form-control-wrap\" data-name=\"Nombre\"><input size=\"40\" class=\"wpcf7-form-control wpcf7-text wpcf7-validates-as-required\" autocomplete=\"name\" aria-required=\"true\" aria-invalid=\"false\" value=\"\" type=\"text\" name=\"Nombre\" \/><\/span> <\/label>\n<\/p>\n<p><label> E-mail<br \/>\n<span class=\"wpcf7-form-control-wrap\" data-name=\"your-email\"><input size=\"40\" class=\"wpcf7-form-control wpcf7-email wpcf7-validates-as-required wpcf7-text wpcf7-validates-as-email\" autocomplete=\"email\" aria-required=\"true\" aria-invalid=\"false\" value=\"\" type=\"email\" name=\"your-email\" \/><\/span> <\/label>\n<\/p>\n<p><label> Asunto<br \/>\n<span class=\"wpcf7-form-control-wrap\" data-name=\"your-subject\"><input size=\"40\" class=\"wpcf7-form-control wpcf7-text wpcf7-validates-as-required\" aria-required=\"true\" aria-invalid=\"false\" value=\"\" type=\"text\" name=\"your-subject\" \/><\/span> <\/label>\n<\/p>\n<p><label> Mensaje (opcional)<br \/>\n<span class=\"wpcf7-form-control-wrap\" data-name=\"your-message\"><textarea cols=\"40\" rows=\"10\" class=\"wpcf7-form-control wpcf7-textarea\" aria-invalid=\"false\" name=\"your-message\"><\/textarea><\/span> <\/label>\n<\/p>\n<p><input class=\"wpcf7-form-control wpcf7-submit has-spinner\" type=\"submit\" value=\"Submit\" \/>\n<\/p><div class=\"wpcf7-response-output\" aria-hidden=\"true\"><\/div>\n<\/form>\n<\/div>\n\n<\/div>\n\n<div class=\"informacion-contacto\">\n    <p style=\"color: white;\">Prolongaci\u00f3n Av. El colli 924, Zapopan, Jalisco, M\u00e9xico<\/p>\n    <p style=\"color: white;\">Cel: 333-243-7943<\/p>\n    <p style=\"color: white;\">Tel\u00e9fono: 33-32-16-25-30<\/p>\n<\/div>\n\n\n\n\n\n\n\n\n\n\n\n<div style=\"height:18px\" aria-hidden=\"true\" class=\"wp-block-spacer\"><\/div>\n\n\n\n<div style=\"height:0px\" aria-hidden=\"true\" class=\"wp-block-spacer\"><\/div>\n<\/div>\n<\/div>\n","protected":false},"excerpt":{"rendered":"<p>Utiliza este formulario para ponerte en contacto con nosotros. Prolongaci\u00f3n Av. El colli 924, Zapopan, Jalisco, M\u00e9xico Cel: 333-243-7943 Tel\u00e9fono: 33-32-16-25-30<\/p>\n","protected":false},"author":1,"featured_media":0,"parent":0,"menu_order":0,"comment_status":"closed","ping_status":"closed","template":"","meta":{"footnotes":""},"_links":{"self":[{"href":"https:\/\/replica.dovatravel.com\/index.php\/wp-json\/wp\/v2\/pages\/24"}],"collection":[{"href":"https:\/\/replica.dovatravel.com\/index.php\/wp-json\/wp\/v2\/pages"}],"about":[{"href":"https:\/\/replica.dovatravel.com\/index.php\/wp-json\/wp\/v2\/types\/page"}],"author":[{"embeddable":true,"href":"https:\/\/replica.dovatravel.com\/index.php\/wp-json\/wp\/v2\/users\/1"}],"replies":[{"embeddable":true,"href":"https:\/\/replica.dovatravel.com\/index.php\/wp-json\/wp\/v2\/comments?post=24"}],"version-history":[{"count":25,"href":"https:\/\/replica.dovatravel.com\/index.php\/wp-json\/wp\/v2\/pages\/24\/revisions"}],"predecessor-version":[{"id":376,"href":"https:\/\/replica.dovatravel.com\/index.php\/wp-json\/wp\/v2\/pages\/24\/revisions\/376"}],"wp:attachment":[{"href":"https:\/\/replica.dovatravel.com\/index.php\/wp-json\/wp\/v2\/media?parent=24"}],"curies":[{"name":"wp","href":"https:\/\/api.w.org\/{rel}","templated":true}]}}